{"id":12903,"date":"2025-10-15T09:12:47","date_gmt":"2025-10-15T07:12:47","guid":{"rendered":"https:\/\/humanitas.edu.pl\/?post_type=events&#038;p=12903"},"modified":"2025-10-15T09:30:38","modified_gmt":"2025-10-15T07:30:38","slug":"inauguracja-roku-akademickiego-2025-2026-uniwersytetu-trzeciego-wieku-w-akademii-humanitas","status":"publish","type":"events","link":"https:\/\/humanitas.edu.pl\/en\/events-en\/inauguracja-roku-akademickiego-2025-2026-uniwersytetu-trzeciego-wieku-w-akademii-humanitas\/","title":{"rendered":"Inauguracja Roku Akademickiego UTW 2025\/2026 w Akademii Humanitas"},"content":{"rendered":"\n<p class=\"is-style-paragraph-lead\"><strong>W\u0142adze Akademii Humanitas w Sosnowcu serdecznie zapraszaj\u0105 na Inauguracj\u0119 Roku Akademickiego 2025\/2026 Uniwersytetu Trzeciego Wieku. To wyj\u0105tkowe wydarzenie otworzy kolejny rok aktywno\u015bci, edukacji i spotka\u0144 dla senior\u00f3w.<\/strong><\/p>\n\n\n\n<h2 class=\"wp-block-heading\" id=\"h-nowy-rok-nowe-mozliwosci-w-akademii-humanitas\">Nowy rok, nowe mo\u017cliwo\u015bci w Akademii Humanitas<\/h2>\n\n\n\n<p>Uroczysto\u015b\u0107 odb\u0119dzie si\u0119 <strong>22 pa\u017adziernika 2025 r. (\u015broda) o godz. 11:00<\/strong> w Auli im. prof. Czes\u0142awa Kupisiewicza w siedzibie uczelni przy ul. Kili\u0144skiego 43 w Sosnowcu.<\/p>\n\n\n\n<p>Inauguracj\u0119 u\u015bwietni koncert zespo\u0142u <strong><em>Bilans Moralny<\/em><\/strong>, kt\u00f3ry zadba o wyj\u0105tkow\u0105 opraw\u0119 muzyczn\u0105 wydarzenia. To doskona\u0142a okazja, by w radosnej atmosferze rozpocz\u0105\u0107 nowy rok spotka\u0144, wyk\u0142ad\u00f3w i zaj\u0119\u0107 dla spo\u0142eczno\u015bci senioralnej.<\/p>\n\n\n\n<h2 class=\"wp-block-heading\" id=\"h-edukacja-i-pasja-w-praktyce-uniwersytet-trzeciego-wieku\">Edukacja i pasja w praktyce \u2013 Uniwersytet Trzeciego Wieku<\/h2>\n\n\n\n<p><strong>UTW w Akademii Humanitas<\/strong> to miejsce, w kt\u00f3rym seniorzy mog\u0105 nie tylko zdobywa\u0107 now\u0105 wiedz\u0119 i rozwija\u0107 swoje pasje, ale r\u00f3wnie\u017c aktywnie uczestniczy\u0107 w \u017cyciu spo\u0142ecznym i kulturalnym regionu. W ramach zaj\u0119\u0107 s\u0142uchacze maj\u0105 mo\u017cliwo\u015b\u0107 uczestnictwa w wyk\u0142adach, warsztatach, spotkaniach z ekspertami i wyjazdach edukacyjnych.<\/p>\n\n\n\n<p>Szczeg\u00f3\u0142owych informacji na temat inauguracji oraz dzia\u0142alno\u015bci <strong>Uniwersytetu Trzeciego Wieku<\/strong> udziela:<br><strong>Magdalena Najder<\/strong> \u2013 koordynator UTW w Akademii Humanitas<br>\ud83d\udcde Tel.: 529&nbsp;972 104<br>\u2709\ufe0f E-mail: <a href=\"mailto:magdalena.najder@humanitas.edu.pl\">magdalena.najder@humanitas.edu.pl<\/a><\/p>\n","protected":false},"featured_media":12904,"parent":0,"template":"","events-tags":[293],"class_list":["post-12903","events","type-events","status-publish","has-post-thumbnail","hentry","events-tags-eventy"],"acf":{"event_date":"2025-10-22 09:00:00","event_end_date":"","address_line_1":"Akademia Humanitas","address_line_2":"Ul. Kili\u0144skiego 43, Sosnowiec","sign_up_link":""},"yoast_head":"<!-- This site is optimized with the Yoast SEO Premium plugin v27.3 (Yoast SEO v27.3) - https:\/\/yoast.com\/product\/yoast-seo-premium-wordpress\/ -->\n<title>Uniwersytet Trzeciego Wieku Akademii Humanitas<\/title>\n<meta name=\"description\" content=\"Do\u0142\u0105cz do inauguracji roku akademickiego 2025\/2026 Uniwersytetu Trzeciego Wieku Akademii Humanitas w Sosnowcu.\" \/>\n<meta name=\"robots\" content=\"index, follow, max-snippet:-1, max-image-preview:large, max-video-preview:-1\" \/>\n<link rel=\"canonical\" href=\"https:\/\/humanitas.edu.pl\/en\/events-en\/inauguracja-roku-akademickiego-2025-2026-uniwersytetu-trzeciego-wieku-w-akademii-humanitas\/\" \/>\n<meta property=\"og:locale\" content=\"en_US\" \/>\n<meta property=\"og:type\" content=\"article\" \/>\n<meta property=\"og:title\" content=\"Inauguracja Roku Akademickiego UTW 2025\/2026 w Akademii Humanitas\" \/>\n<meta property=\"og:description\" content=\"Do\u0142\u0105cz do inauguracji roku akademickiego 2025\/2026 Uniwersytetu Trzeciego Wieku Akademii Humanitas w Sosnowcu.\" \/>\n<meta property=\"og:url\" content=\"https:\/\/humanitas.edu.pl\/en\/events-en\/inauguracja-roku-akademickiego-2025-2026-uniwersytetu-trzeciego-wieku-w-akademii-humanitas\/\" \/>\n<meta property=\"og:site_name\" content=\"Akademia Humanitas\" \/>\n<meta property=\"article:modified_time\" content=\"2025-10-15T07:30:38+00:00\" \/>\n<meta property=\"og:image\" content=\"https:\/\/humanitas.edu.pl\/wp-content\/uploads\/2025\/10\/DSC07470-1.jpg\" \/>\n\t<meta property=\"og:image:width\" content=\"310\" \/>\n\t<meta property=\"og:image:height\" content=\"380\" \/>\n\t<meta property=\"og:image:type\" content=\"image\/jpeg\" \/>\n<meta name=\"twitter:card\" content=\"summary_large_image\" \/>\n<meta name=\"twitter:label1\" content=\"Est. reading time\" \/>\n\t<meta name=\"twitter:data1\" content=\"2 minutes\" \/>\n<script type=\"application\/ld+json\" class=\"yoast-schema-graph\">{\"@context\":\"https:\\\/\\\/schema.org\",\"@graph\":[{\"@type\":\"WebPage\",\"@id\":\"https:\\\/\\\/humanitas.edu.pl\\\/en\\\/events-en\\\/inauguracja-roku-akademickiego-2025-2026-uniwersytetu-trzeciego-wieku-w-akademii-humanitas\\\/\",\"url\":\"https:\\\/\\\/humanitas.edu.pl\\\/en\\\/events-en\\\/inauguracja-roku-akademickiego-2025-2026-uniwersytetu-trzeciego-wieku-w-akademii-humanitas\\\/\",\"name\":\"Uniwersytet Trzeciego Wieku Akademii Humanitas\",\"isPartOf\":{\"@id\":\"https:\\\/\\\/humanitas.edu.pl\\\/en\\\/#website\"},\"primaryImageOfPage\":{\"@id\":\"https:\\\/\\\/humanitas.edu.pl\\\/en\\\/events-en\\\/inauguracja-roku-akademickiego-2025-2026-uniwersytetu-trzeciego-wieku-w-akademii-humanitas\\\/#primaryimage\"},\"image\":{\"@id\":\"https:\\\/\\\/humanitas.edu.pl\\\/en\\\/events-en\\\/inauguracja-roku-akademickiego-2025-2026-uniwersytetu-trzeciego-wieku-w-akademii-humanitas\\\/#primaryimage\"},\"thumbnailUrl\":\"https:\\\/\\\/humanitas.edu.pl\\\/wp-content\\\/uploads\\\/2025\\\/10\\\/DSC07470-1.jpg\",\"datePublished\":\"2025-10-15T07:12:47+00:00\",\"dateModified\":\"2025-10-15T07:30:38+00:00\",\"description\":\"Do\u0142\u0105cz do inauguracji roku akademickiego 2025\\\/2026 Uniwersytetu Trzeciego Wieku Akademii Humanitas w Sosnowcu.\",\"breadcrumb\":{\"@id\":\"https:\\\/\\\/humanitas.edu.pl\\\/en\\\/events-en\\\/inauguracja-roku-akademickiego-2025-2026-uniwersytetu-trzeciego-wieku-w-akademii-humanitas\\\/#breadcrumb\"},\"inLanguage\":\"en-US\",\"potentialAction\":[{\"@type\":\"ReadAction\",\"target\":[\"https:\\\/\\\/humanitas.edu.pl\\\/en\\\/events-en\\\/inauguracja-roku-akademickiego-2025-2026-uniwersytetu-trzeciego-wieku-w-akademii-humanitas\\\/\"]}]},{\"@type\":\"ImageObject\",\"inLanguage\":\"en-US\",\"@id\":\"https:\\\/\\\/humanitas.edu.pl\\\/en\\\/events-en\\\/inauguracja-roku-akademickiego-2025-2026-uniwersytetu-trzeciego-wieku-w-akademii-humanitas\\\/#primaryimage\",\"url\":\"https:\\\/\\\/humanitas.edu.pl\\\/wp-content\\\/uploads\\\/2025\\\/10\\\/DSC07470-1.jpg\",\"contentUrl\":\"https:\\\/\\\/humanitas.edu.pl\\\/wp-content\\\/uploads\\\/2025\\\/10\\\/DSC07470-1.jpg\",\"width\":310,\"height\":380,\"caption\":\"Poczet sztandarowy z trzema osobami stoi podczas Inauguracji Uniwersytetu Trzeciego Wieku, trzymaj\u0105c sztandar z or\u0142em w koronie.\"},{\"@type\":\"BreadcrumbList\",\"@id\":\"https:\\\/\\\/humanitas.edu.pl\\\/en\\\/events-en\\\/inauguracja-roku-akademickiego-2025-2026-uniwersytetu-trzeciego-wieku-w-akademii-humanitas\\\/#breadcrumb\",\"itemListElement\":[{\"@type\":\"ListItem\",\"position\":1,\"name\":\"Home\",\"item\":\"https:\\\/\\\/humanitas.edu.pl\\\/en\\\/\"},{\"@type\":\"ListItem\",\"position\":2,\"name\":\"Events\",\"item\":\"https:\\\/\\\/humanitas.edu.pl\\\/en\\\/wydarzenia\\\/\"},{\"@type\":\"ListItem\",\"position\":3,\"name\":\"Inauguracja Roku Akademickiego UTW 2025\\\/2026 w Akademii Humanitas\"}]},{\"@type\":\"WebSite\",\"@id\":\"https:\\\/\\\/humanitas.edu.pl\\\/en\\\/#website\",\"url\":\"https:\\\/\\\/humanitas.edu.pl\\\/en\\\/\",\"name\":\"Akademia Humanitas\",\"description\":\"\",\"potentialAction\":[{\"@type\":\"SearchAction\",\"target\":{\"@type\":\"EntryPoint\",\"urlTemplate\":\"https:\\\/\\\/humanitas.edu.pl\\\/en\\\/?s={search_term_string}\"},\"query-input\":{\"@type\":\"PropertyValueSpecification\",\"valueRequired\":true,\"valueName\":\"search_term_string\"}}],\"inLanguage\":\"en-US\"}]}<\/script>\n<!-- \/ Yoast SEO Premium plugin. -->","yoast_head_json":{"title":"Uniwersytet Trzeciego Wieku Akademii Humanitas","description":"Do\u0142\u0105cz do inauguracji roku akademickiego 2025\/2026 Uniwersytetu Trzeciego Wieku Akademii Humanitas w Sosnowcu.","robots":{"index":"index","follow":"follow","max-snippet":"max-snippet:-1","max-image-preview":"max-image-preview:large","max-video-preview":"max-video-preview:-1"},"canonical":"https:\/\/humanitas.edu.pl\/en\/events-en\/inauguracja-roku-akademickiego-2025-2026-uniwersytetu-trzeciego-wieku-w-akademii-humanitas\/","og_locale":"en_US","og_type":"article","og_title":"Inauguracja Roku Akademickiego UTW 2025\/2026 w Akademii Humanitas","og_description":"Do\u0142\u0105cz do inauguracji roku akademickiego 2025\/2026 Uniwersytetu Trzeciego Wieku Akademii Humanitas w Sosnowcu.","og_url":"https:\/\/humanitas.edu.pl\/en\/events-en\/inauguracja-roku-akademickiego-2025-2026-uniwersytetu-trzeciego-wieku-w-akademii-humanitas\/","og_site_name":"Akademia Humanitas","article_modified_time":"2025-10-15T07:30:38+00:00","og_image":[{"width":310,"height":380,"url":"https:\/\/humanitas.edu.pl\/wp-content\/uploads\/2025\/10\/DSC07470-1.jpg","type":"image\/jpeg"}],"twitter_card":"summary_large_image","twitter_misc":{"Est. reading time":"2 minutes"},"schema":{"@context":"https:\/\/schema.org","@graph":[{"@type":"WebPage","@id":"https:\/\/humanitas.edu.pl\/en\/events-en\/inauguracja-roku-akademickiego-2025-2026-uniwersytetu-trzeciego-wieku-w-akademii-humanitas\/","url":"https:\/\/humanitas.edu.pl\/en\/events-en\/inauguracja-roku-akademickiego-2025-2026-uniwersytetu-trzeciego-wieku-w-akademii-humanitas\/","name":"Uniwersytet Trzeciego Wieku Akademii Humanitas","isPartOf":{"@id":"https:\/\/humanitas.edu.pl\/en\/#website"},"primaryImageOfPage":{"@id":"https:\/\/humanitas.edu.pl\/en\/events-en\/inauguracja-roku-akademickiego-2025-2026-uniwersytetu-trzeciego-wieku-w-akademii-humanitas\/#primaryimage"},"image":{"@id":"https:\/\/humanitas.edu.pl\/en\/events-en\/inauguracja-roku-akademickiego-2025-2026-uniwersytetu-trzeciego-wieku-w-akademii-humanitas\/#primaryimage"},"thumbnailUrl":"https:\/\/humanitas.edu.pl\/wp-content\/uploads\/2025\/10\/DSC07470-1.jpg","datePublished":"2025-10-15T07:12:47+00:00","dateModified":"2025-10-15T07:30:38+00:00","description":"Do\u0142\u0105cz do inauguracji roku akademickiego 2025\/2026 Uniwersytetu Trzeciego Wieku Akademii Humanitas w Sosnowcu.","breadcrumb":{"@id":"https:\/\/humanitas.edu.pl\/en\/events-en\/inauguracja-roku-akademickiego-2025-2026-uniwersytetu-trzeciego-wieku-w-akademii-humanitas\/#breadcrumb"},"inLanguage":"en-US","potentialAction":[{"@type":"ReadAction","target":["https:\/\/humanitas.edu.pl\/en\/events-en\/inauguracja-roku-akademickiego-2025-2026-uniwersytetu-trzeciego-wieku-w-akademii-humanitas\/"]}]},{"@type":"ImageObject","inLanguage":"en-US","@id":"https:\/\/humanitas.edu.pl\/en\/events-en\/inauguracja-roku-akademickiego-2025-2026-uniwersytetu-trzeciego-wieku-w-akademii-humanitas\/#primaryimage","url":"https:\/\/humanitas.edu.pl\/wp-content\/uploads\/2025\/10\/DSC07470-1.jpg","contentUrl":"https:\/\/humanitas.edu.pl\/wp-content\/uploads\/2025\/10\/DSC07470-1.jpg","width":310,"height":380,"caption":"Poczet sztandarowy z trzema osobami stoi podczas Inauguracji Uniwersytetu Trzeciego Wieku, trzymaj\u0105c sztandar z or\u0142em w koronie."},{"@type":"BreadcrumbList","@id":"https:\/\/humanitas.edu.pl\/en\/events-en\/inauguracja-roku-akademickiego-2025-2026-uniwersytetu-trzeciego-wieku-w-akademii-humanitas\/#breadcrumb","itemListElement":[{"@type":"ListItem","position":1,"name":"Home","item":"https:\/\/humanitas.edu.pl\/en\/"},{"@type":"ListItem","position":2,"name":"Events","item":"https:\/\/humanitas.edu.pl\/en\/wydarzenia\/"},{"@type":"ListItem","position":3,"name":"Inauguracja Roku Akademickiego UTW 2025\/2026 w Akademii Humanitas"}]},{"@type":"WebSite","@id":"https:\/\/humanitas.edu.pl\/en\/#website","url":"https:\/\/humanitas.edu.pl\/en\/","name":"Akademia Humanitas","description":"","potentialAction":[{"@type":"SearchAction","target":{"@type":"EntryPoint","urlTemplate":"https:\/\/humanitas.edu.pl\/en\/?s={search_term_string}"},"query-input":{"@type":"PropertyValueSpecification","valueRequired":true,"valueName":"search_term_string"}}],"inLanguage":"en-US"}]}},"_links":{"self":[{"href":"https:\/\/humanitas.edu.pl\/en\/wp-json\/wp\/v2\/events\/12903","targetHints":{"allow":["GET"]}}],"collection":[{"href":"https:\/\/humanitas.edu.pl\/en\/wp-json\/wp\/v2\/events"}],"about":[{"href":"https:\/\/humanitas.edu.pl\/en\/wp-json\/wp\/v2\/types\/events"}],"wp:featuredmedia":[{"embeddable":true,"href":"https:\/\/humanitas.edu.pl\/en\/wp-json\/wp\/v2\/media\/12904"}],"wp:attachment":[{"href":"https:\/\/humanitas.edu.pl\/en\/wp-json\/wp\/v2\/media?parent=12903"}],"wp:term":[{"taxonomy":"events-tags","embeddable":true,"href":"https:\/\/humanitas.edu.pl\/en\/wp-json\/wp\/v2\/events-tags?post=12903"}],"curies":[{"name":"wp","href":"https:\/\/api.w.org\/{rel}","templated":true}]}}

<p class="is-style-paragraph-lead"><strong>Władze Akademii Humanitas w Sosnowcu serdecznie zapraszają na Inaugurację Roku Akademickiego 2025/2026 Uniwersytetu Trzeciego Wieku. To wyjątkowe wydarzenie otworzy kolejny rok aktywności, edukacji i spotkań dla seniorów.</strong></p>



<h2 class="wp-block-heading" id="h-nowy-rok-nowe-mozliwosci-w-akademii-humanitas">Nowy rok, nowe możliwości w Akademii Humanitas</h2>



<p>Uroczystość odbędzie się <strong>22 października 2025 r. (środa) o godz. 11:00</strong> w Auli im. prof. Czesława Kupisiewicza w siedzibie uczelni przy ul. Kilińskiego 43 w Sosnowcu.</p>



<p>Inaugurację uświetni koncert zespołu <strong><em>Bilans Moralny</em></strong>, który zadba o wyjątkową oprawę muzyczną wydarzenia. To doskonała okazja, by w radosnej atmosferze rozpocząć nowy rok spotkań, wykładów i zajęć dla społeczności senioralnej.</p>



<h2 class="wp-block-heading" id="h-edukacja-i-pasja-w-praktyce-uniwersytet-trzeciego-wieku">Edukacja i pasja w praktyce – Uniwersytet Trzeciego Wieku</h2>



<p><strong>UTW w Akademii Humanitas</strong> to miejsce, w którym seniorzy mogą nie tylko zdobywać nową wiedzę i rozwijać swoje pasje, ale również aktywnie uczestniczyć w życiu społecznym i kulturalnym regionu. W ramach zajęć słuchacze mają możliwość uczestnictwa w wykładach, warsztatach, spotkaniach z ekspertami i wyjazdach edukacyjnych.</p>



<p>Szczegółowych informacji na temat inauguracji oraz działalności <strong>Uniwersytetu Trzeciego Wieku</strong> udziela:<br><strong>Magdalena Najder</strong> – koordynator UTW w Akademii Humanitas<br>📞 Tel.: 529&nbsp;972 104<br>✉️ E-mail: <a href="mailto:magdalena.najder@humanitas.edu.pl">magdalena.najder@humanitas.edu.pl</a></p>

Ul. Kilińskiego 43, Sosnowiec

<!-- This site is optimized with the Yoast SEO Premium plugin v27.3 (Yoast SEO v27.3) - https://yoast.com/product/yoast-seo-premium-wordpress/ -->
<title>Uniwersytet Trzeciego Wieku Akademii Humanitas</title>
<meta name="description" content="Dołącz do inauguracji roku akademickiego 2025/2026 Uniwersytetu Trzeciego Wieku Akademii Humanitas w Sosnowcu." />
<meta name="robots" content="index, follow, max-snippet:-1, max-image-preview:large, max-video-preview:-1" />
<link rel="canonical" href="https://humanitas.edu.pl/en/events-en/inauguracja-roku-akademickiego-2025-2026-uniwersytetu-trzeciego-wieku-w-akademii-humanitas/" />
<meta property="og:locale" content="en_US" />
<meta property="og:type" content="article" />
<meta property="og:title" content="Inauguracja Roku Akademickiego UTW 2025/2026 w Akademii Humanitas" />
<meta property="og:description" content="Dołącz do inauguracji roku akademickiego 2025/2026 Uniwersytetu Trzeciego Wieku Akademii Humanitas w Sosnowcu." />
<meta property="og:url" content="https://humanitas.edu.pl/en/events-en/inauguracja-roku-akademickiego-2025-2026-uniwersytetu-trzeciego-wieku-w-akademii-humanitas/" />
<meta property="og:site_name" content="Akademia Humanitas" />
<meta property="article:modified_time" content="2025-10-15T07:30:38+00:00" />
<meta property="og:image" content="https://humanitas.edu.pl/wp-content/uploads/2025/10/DSC07470-1.jpg" />
	<meta property="og:image:width" content="310" />
	<meta property="og:image:height" content="380" />
	<meta property="og:image:type" content="image/jpeg" />
<meta name="twitter:card" content="summary_large_image" />
<meta name="twitter:label1" content="Est. reading time" />
	<meta name="twitter:data1" content="2 minutes" />
<script type="application/ld+json" class="yoast-schema-graph">{"@context":"https:\/\/schema.org","@graph":[{"@type":"WebPage","@id":"https:\/\/humanitas.edu.pl\/en\/events-en\/inauguracja-roku-akademickiego-2025-2026-uniwersytetu-trzeciego-wieku-w-akademii-humanitas\/","url":"https:\/\/humanitas.edu.pl\/en\/events-en\/inauguracja-roku-akademickiego-2025-2026-uniwersytetu-trzeciego-wieku-w-akademii-humanitas\/","name":"Uniwersytet Trzeciego Wieku Akademii Humanitas","isPartOf":{"@id":"https:\/\/humanitas.edu.pl\/en\/#website"},"primaryImageOfPage":{"@id":"https:\/\/humanitas.edu.pl\/en\/events-en\/inauguracja-roku-akademickiego-2025-2026-uniwersytetu-trzeciego-wieku-w-akademii-humanitas\/#primaryimage"},"image":{"@id":"https:\/\/humanitas.edu.pl\/en\/events-en\/inauguracja-roku-akademickiego-2025-2026-uniwersytetu-trzeciego-wieku-w-akademii-humanitas\/#primaryimage"},"thumbnailUrl":"https:\/\/humanitas.edu.pl\/wp-content\/uploads\/2025\/10\/DSC07470-1.jpg","datePublished":"2025-10-15T07:12:47+00:00","dateModified":"2025-10-15T07:30:38+00:00","description":"Dołącz do inauguracji roku akademickiego 2025\/2026 Uniwersytetu Trzeciego Wieku Akademii Humanitas w Sosnowcu.","breadcrumb":{"@id":"https:\/\/humanitas.edu.pl\/en\/events-en\/inauguracja-roku-akademickiego-2025-2026-uniwersytetu-trzeciego-wieku-w-akademii-humanitas\/#breadcrumb"},"inLanguage":"en-US","potentialAction":[{"@type":"ReadAction","target":["https:\/\/humanitas.edu.pl\/en\/events-en\/inauguracja-roku-akademickiego-2025-2026-uniwersytetu-trzeciego-wieku-w-akademii-humanitas\/"]}]},{"@type":"ImageObject","inLanguage":"en-US","@id":"https:\/\/humanitas.edu.pl\/en\/events-en\/inauguracja-roku-akademickiego-2025-2026-uniwersytetu-trzeciego-wieku-w-akademii-humanitas\/#primaryimage","url":"https:\/\/humanitas.edu.pl\/wp-content\/uploads\/2025\/10\/DSC07470-1.jpg","contentUrl":"https:\/\/humanitas.edu.pl\/wp-content\/uploads\/2025\/10\/DSC07470-1.jpg","width":310,"height":380,"caption":"Poczet sztandarowy z trzema osobami stoi podczas Inauguracji Uniwersytetu Trzeciego Wieku, trzymając sztandar z orłem w koronie."},{"@type":"BreadcrumbList","@id":"https:\/\/humanitas.edu.pl\/en\/events-en\/inauguracja-roku-akademickiego-2025-2026-uniwersytetu-trzeciego-wieku-w-akademii-humanitas\/#breadcrumb","itemListElement":[{"@type":"ListItem","position":1,"name":"Home","item":"https:\/\/humanitas.edu.pl\/en\/"},{"@type":"ListItem","position":2,"name":"Events","item":"https:\/\/humanitas.edu.pl\/en\/wydarzenia\/"},{"@type":"ListItem","position":3,"name":"Inauguracja Roku Akademickiego UTW 2025\/2026 w Akademii Humanitas"}]},{"@type":"WebSite","@id":"https:\/\/humanitas.edu.pl\/en\/#website","url":"https:\/\/humanitas.edu.pl\/en\/","name":"Akademia Humanitas","description":"","potentialAction":[{"@type":"SearchAction","target":{"@type":"EntryPoint","urlTemplate":"https:\/\/humanitas.edu.pl\/en\/?s={search_term_string}"},"query-input":{"@type":"PropertyValueSpecification","valueRequired":true,"valueName":"search_term_string"}}],"inLanguage":"en-US"}]}</script>
<!-- / Yoast SEO Premium plugin. -->

Dołącz do inauguracji roku akademickiego 2025/2026 Uniwersytetu Trzeciego Wieku Akademii Humanitas w Sosnowcu.

Poczet sztandarowy z trzema osobami stoi podczas Inauguracji Uniwersytetu Trzeciego Wieku, trzymając sztandar z orłem w koronie.
